{"id":240,"date":"2022-07-07T13:13:33","date_gmt":"2022-07-07T11:13:33","guid":{"rendered":"https:\/\/oao.de\/draft\/wips\/?page_id=240"},"modified":"2022-07-07T13:13:33","modified_gmt":"2022-07-07T11:13:33","slug":"wips-meld-stoermeldesystem","status":"publish","type":"page","link":"https:\/\/oao.de\/draft\/wips\/produkte\/wips-meld-stoermeldesystem\/","title":{"rendered":"WIPS&reg; Meld (St\u00f6rmeldesystem)"},"content":{"rendered":"<p>[vc_section css=&#8220;.vc_custom_1657191615619{background: #00192f url(https:\/\/oao.de\/draft\/wips\/wp-content\/uploads\/2021\/10\/home-bg.png?id=25) !important;}&#8220; el_id=&#8220;start&#8220;][vc_row el_class=&#8220;home-title&#8220;][vc_column][vc_column_text]<\/p>\n<h1 style=\"text-align: center;\"><b>St\u00f6rmeldesystem<br \/>\n<\/b>WIPS\u00ae Meld<\/h1>\n<p>[\/vc_column_text][\/vc_column][\/vc_row][\/vc_section][vc_section css=&#8220;.vc_custom_1657191634256{background-color: #00192f !important;}&#8220;][vc_row el_class=&#8220;it-container text-white&#8220;][vc_column width=&#8220;1\/2&#8243;][vc_column_text]<strong>TeMIS-WIPS<sup>\u00ae<\/sup><\/strong> \u00fcberpr\u00fcft die Zust\u00e4ndigkeit f\u00fcr diese St\u00f6rung und gibt der entsprechenden Person bzw. Abteilung einen Hinweis, dass eine St\u00f6rung vorliegt. Die Meldung kann dann weiterbearbeitet werden, bis der daraus resultierende Auftrag fertig gestellt wurde.<\/p>\n<p>Mit dem zuschaltbarem R\u00fcckmeldesystem ist es m\u00f6glich, \u00fcber den aktuellen Stand der Bearbeitung informiert zu werden. Dieses kann auch mit externen Mailclients betrieben werden![\/vc_column_text][vc_empty_space height=&#8220;25px&#8220;][vc_column_text]<\/p>\n<h3>Ihre <strong>Vorteile im \u00dcberblick<\/strong><\/h3>\n<p>[\/vc_column_text][vc_column_text]<\/p>\n<ul>\n<li>Keine Meldungen gehen &#8222;verloren&#8220;.<\/li>\n<li>Jederzeit nachvollziehbarer Stand der Bearbeitung einer Meldung.<\/li>\n<li>Informationen, die bereits in der Meldung hinterlegt wurden, k\u00f6nnen in<br \/>\nden Auftrag \u00fcbernommen werden.<\/li>\n<li>Das Meldesystem ist sehr einfach bedienbar.<\/li>\n<li>Eine zuschaltbare Ma\u00dfnahmenliste kann verhindern, dass unn\u00f6tige\u00a0St\u00f6rungsmeldungen abgesetzt werden und somit das\u00a0Instandhaltungspersonal nicht mehr &#8211; aus nichtigen Gr\u00fcnden, wie z.B. Schutzschalter ist offen &#8211;\u00a0mit vermeintlichen Reparaturen belastet wird.<\/li>\n<\/ul>\n<p>[\/vc_column_text][\/vc_column][vc_column width=&#8220;1\/2&#8243;][vc_single_image image=&#8220;241&#8243; img_size=&#8220;full&#8220;][vc_column_text]<\/p>\n<p style=\"text-align: right;\">Bildunterschrift &#8230;<\/p>\n<p>[\/vc_column_text][\/vc_column][\/vc_row][\/vc_section]<\/p>\n","protected":false},"excerpt":{"rendered":"<p>[vc_section css=&#8220;.vc_custom_1657191615619{background: #00192f url(https:\/\/oao.de\/draft\/wips\/wp-content\/uploads\/2021\/10\/home-bg.png?id=25) !important;}&#8220; el_id=&#8220;start&#8220;][vc_row el_class=&#8220;home-title&#8220;][vc_column][vc_column_text] St\u00f6rmeldesystem WIPS\u00ae Meld [\/vc_column_text][\/vc_column][\/vc_row][\/vc_section][vc_section css=&#8220;.vc_custom_1657191634256{background-color: #00192f !important;}&#8220;][vc_row el_class=&#8220;it-container text-white&#8220;][vc_column width=&#8220;1\/2&#8243;][vc_column_text]TeMIS-WIPS\u00ae \u00fcberpr\u00fcft die Zust\u00e4ndigkeit f\u00fcr diese St\u00f6rung und gibt der entsprechenden Person bzw. Abteilung einen Hinweis, dass eine St\u00f6rung vorliegt. Die Meldung kann dann weiterbearbeitet werden, bis der daraus resultierende Auftrag fertig gestellt wurde. Mit dem zuschaltbarem R\u00fcckmeldesystem ist&#8230;<\/p>\n","protected":false},"author":1,"featured_media":0,"parent":186,"menu_order":5,"comment_status":"closed","ping_status":"closed","template":"","meta":{"_kad_post_transparent":"enable","_kad_post_title":"hide","_kad_post_layout":"fullwidth","_kad_post_sidebar_id":"","_kad_post_content_style":"unboxed","_kad_post_vertical_padding":"default","_kad_post_feature":"","_kad_post_feature_position":"","_kad_post_header":false,"_kad_post_footer":false,"footnotes":""},"class_list":["post-240","page","type-page","status-publish","hentry"],"_links":{"self":[{"href":"https:\/\/oao.de\/draft\/wips\/wp-json\/wp\/v2\/pages\/240","targetHints":{"allow":["GET"]}}],"collection":[{"href":"https:\/\/oao.de\/draft\/wips\/wp-json\/wp\/v2\/pages"}],"about":[{"href":"https:\/\/oao.de\/draft\/wips\/wp-json\/wp\/v2\/types\/page"}],"author":[{"embeddable":true,"href":"https:\/\/oao.de\/draft\/wips\/wp-json\/wp\/v2\/users\/1"}],"replies":[{"embeddable":true,"href":"https:\/\/oao.de\/draft\/wips\/wp-json\/wp\/v2\/comments?post=240"}],"version-history":[{"count":1,"href":"https:\/\/oao.de\/draft\/wips\/wp-json\/wp\/v2\/pages\/240\/revisions"}],"predecessor-version":[{"id":242,"href":"https:\/\/oao.de\/draft\/wips\/wp-json\/wp\/v2\/pages\/240\/revisions\/242"}],"up":[{"embeddable":true,"href":"https:\/\/oao.de\/draft\/wips\/wp-json\/wp\/v2\/pages\/186"}],"wp:attachment":[{"href":"https:\/\/oao.de\/draft\/wips\/wp-json\/wp\/v2\/media?parent=240"}],"curies":[{"name":"wp","href":"https:\/\/api.w.org\/{rel}","templated":true}]}}