{"id":186,"date":"2022-07-07T09:13:47","date_gmt":"2022-07-07T07:13:47","guid":{"rendered":"https:\/\/oao.de\/draft\/wips\/?page_id=186"},"modified":"2022-07-07T13:15:08","modified_gmt":"2022-07-07T11:15:08","slug":"produkte","status":"publish","type":"page","link":"https:\/\/oao.de\/draft\/wips\/produkte\/","title":{"rendered":"Produkte"},"content":{"rendered":"<p>[vc_section css=&#8220;.vc_custom_1657178150521{background: #00192f url(https:\/\/oao.de\/draft\/wips\/wp-content\/uploads\/2021\/10\/home-bg.png?id=25) !important;}&#8220; el_id=&#8220;start&#8220;][vc_row el_class=&#8220;home-title&#8220;][vc_column][vc_column_text]<\/p>\n<h1 style=\"text-align: center;\"><strong>Unsere Produkte<\/strong><br \/>\nauf einen Blick<\/h1>\n<p>[\/vc_column_text][\/vc_column][\/vc_row][\/vc_section][vc_section css=&#8220;.vc_custom_1657178421993{background-color: #00192f !important;}&#8220;][vc_row el_class=&#8220;it-container text-white&#8220;][vc_column width=&#8220;1\/2&#8243;][vc_column_text]<\/p>\n<h3>TeMIS-WIPS\u00ae<\/h3>\n<p>[\/vc_column_text][vc_column_text]Das\u00a0 Instandhaltungssystem der\u00a0 Zukunft,\u00a0 es\u00a0 sind\u00a0 damit \u00a0alle\u00a0 Instandhaltungs-<br \/>\nbereiche eines Unternehmens durch eine einzige Software abgedeckt. Diese Software wurde von Fachleuten aus der Praxis entwickelt, um dem Anwender eine Softwareunterst\u00fctzung an die Hand zu geben,[\/vc_column_text][vc_column_text]<\/p>\n<ul>\n<li>sowohl f\u00fcr die gesamten Betriebs- und Produktionsanlagen,<\/li>\n<li>als auch f\u00fcr den Geb\u00e4udebereich (Facility Management System)<\/li>\n<li>und, wenn vorhanden, auch dem Fuhrparksbereich.<\/li>\n<\/ul>\n<p>[\/vc_column_text][\/vc_column][vc_column width=&#8220;1\/2&#8243;][vc_column_text]<\/p>\n<h3>WIPS\u00ae-Light<\/h3>\n<p>[\/vc_column_text][vc_column_text]Sie wollen nicht gleich mit der umfangreichen Vollversion von <strong>TeMIS-WIPS<sup>\u00ae<\/sup><\/strong> beginnen, weil Sie nicht alle Funktionen ben\u00f6tigen, dann k\u00f6nnen Sie auch <strong>TeMIS-WIPS<sup>\u00ae<\/sup>-Light<\/strong> einsetzen. <strong>TeMIS-WIPS<sup>\u00ae<\/sup>-Light<\/strong> hat die gleiche Datenbasis und den gleichen Funktionsumfang, wie die <strong>TeMIS-WIPS<sup>\u00ae<\/sup><\/strong>, es sind lediglich einige Funktionen nicht oder nur zum Teil freigeschaltet.<\/p>\n<p>Wollen Sie sp\u00e4ter <strong>TeMIS-WIPS<sup>\u00ae<\/sup>-Light<\/strong> den Erfordernissen in Ihrem Unternehmen anpassen und auch den vollen Funktionsumfang von <strong>TeMIS-WIPS<sup>\u00ae<\/sup><\/strong> nutzen, dann haben Sie die M\u00f6glichkeit auf <strong>TeMIS-WIPS<sup>\u00ae<\/sup><\/strong> aufzur\u00fcsten.[\/vc_column_text][\/vc_column][\/vc_row][vc_row el_class=&#8220;it-container text-white&#8220;][vc_column width=&#8220;1\/2&#8243;][vc_column_text]<\/p>\n<h3>TeMIS-WIPS\u00ae<\/h3>\n<p>[\/vc_column_text][vc_column_text]Das Modul Beistellung &#8211; bei Zulieferfirmen auch Werkzeugverwaltung genannt &#8211; ist ein Zusatzmodul, das bereits in TeMIS-WIPS\u00ae integriert ist, jedoch zun\u00e4chst freigeschaltet werden muss. Es greift auf die gleiche Datenbasis zu und erlaubt in der Produktion die Beistellung und Verwaltung von Werkzeugen.[\/vc_column_text][\/vc_column][vc_column width=&#8220;1\/2&#8243;][vc_column_text]<\/p>\n<h3>WIPS<sup>\u00ae<\/sup>-EMC<br \/>\n(Energie-Management-Controlling)<\/h3>\n<p>[\/vc_column_text][vc_column_text]stellt eine L\u00f6sung f\u00fcr ein effizientes und Kosten wirksames Energiemanagement dar. Es bietet Ihnen die M\u00f6glichkeit die Energieverbr\u00e4uche kontinuierlich aufzuzeichnen und durch die Auswertung der Energieverbr\u00e4uche haben Sie die M\u00f6glichkeit bestimmte Energiepotentiale zu erkennen und die Umsetzung von Optimierungsportentiale zu beurteilen.[\/vc_column_text][\/vc_column][\/vc_row][vc_row el_class=&#8220;it-container text-white&#8220;][vc_column width=&#8220;1\/2&#8243;][vc_column_text]<\/p>\n<h3>WIPS\u00ae-Meld<br \/>\n(St\u00f6rmeldesystem)<\/h3>\n<p>[\/vc_column_text][vc_column_text]Das Meldesystem WIPS<sup>\u00ae<\/sup>-Meld ist ein Zusatzsystem zu TeMIS-WIPS<sup>\u00ae<\/sup>\u00a0 mit\u00a0dem jede beliebige Person eine St\u00f6rung an das System absetzen kann.<br \/>\nSie wird als unternehmens\u00fcbergreifendes Meldesystem zu TeMIS-WIPS<sup>\u00ae<\/sup> kostenlos mitgeliefert.[\/vc_column_text][\/vc_column][vc_column width=&#8220;1\/2&#8243;][\/vc_column][\/vc_row][\/vc_section]<\/p>\n","protected":false},"excerpt":{"rendered":"<p>[vc_section css=&#8220;.vc_custom_1657178150521{background: #00192f url(https:\/\/oao.de\/draft\/wips\/wp-content\/uploads\/2021\/10\/home-bg.png?id=25) !important;}&#8220; el_id=&#8220;start&#8220;][vc_row el_class=&#8220;home-title&#8220;][vc_column][vc_column_text] Unsere Produkte auf einen Blick [\/vc_column_text][\/vc_column][\/vc_row][\/vc_section][vc_section css=&#8220;.vc_custom_1657178421993{background-color: #00192f !important;}&#8220;][vc_row el_class=&#8220;it-container text-white&#8220;][vc_column width=&#8220;1\/2&#8243;][vc_column_text] TeMIS-WIPS\u00ae [\/vc_column_text][vc_column_text]Das\u00a0 Instandhaltungssystem der\u00a0 Zukunft,\u00a0 es\u00a0 sind\u00a0 damit \u00a0alle\u00a0 Instandhaltungs- bereiche eines Unternehmens durch eine einzige Software abgedeckt. Diese Software wurde von Fachleuten aus der Praxis entwickelt, um dem Anwender eine Softwareunterst\u00fctzung an die Hand zu&#8230;<\/p>\n","protected":false},"author":1,"featured_media":0,"parent":0,"menu_order":2,"comment_status":"closed","ping_status":"closed","template":"","meta":{"_kad_post_transparent":"enable","_kad_post_title":"hide","_kad_post_layout":"fullwidth","_kad_post_sidebar_id":"","_kad_post_content_style":"unboxed","_kad_post_vertical_padding":"default","_kad_post_feature":"","_kad_post_feature_position":"","_kad_post_header":false,"_kad_post_footer":false,"footnotes":""},"class_list":["post-186","page","type-page","status-publish","hentry"],"_links":{"self":[{"href":"https:\/\/oao.de\/draft\/wips\/wp-json\/wp\/v2\/pages\/186","targetHints":{"allow":["GET"]}}],"collection":[{"href":"https:\/\/oao.de\/draft\/wips\/wp-json\/wp\/v2\/pages"}],"about":[{"href":"https:\/\/oao.de\/draft\/wips\/wp-json\/wp\/v2\/types\/page"}],"author":[{"embeddable":true,"href":"https:\/\/oao.de\/draft\/wips\/wp-json\/wp\/v2\/users\/1"}],"replies":[{"embeddable":true,"href":"https:\/\/oao.de\/draft\/wips\/wp-json\/wp\/v2\/comments?post=186"}],"version-history":[{"count":12,"href":"https:\/\/oao.de\/draft\/wips\/wp-json\/wp\/v2\/pages\/186\/revisions"}],"predecessor-version":[{"id":200,"href":"https:\/\/oao.de\/draft\/wips\/wp-json\/wp\/v2\/pages\/186\/revisions\/200"}],"wp:attachment":[{"href":"https:\/\/oao.de\/draft\/wips\/wp-json\/wp\/v2\/media?parent=186"}],"curies":[{"name":"wp","href":"https:\/\/api.w.org\/{rel}","templated":true}]}}